ctor of o and 14.
7
Suppose 30*j + 78 = 32*j. Suppose 0 = -3*u - 30 + 186. Calculate the highest common divisor of u and j.
13
Suppose 2*z - n - 72 = 0, 2*n = -4*z + 80 + 64. Suppose 5*k - 3*i + 2 - 119 = 0, -4*k + 91 = -5*i. What is the highest common divisor of z and k?
12
Suppose -2937*j - 540 = -2942*j. Calculate the highest common divisor of j and 2268.
108
Let a = 11 - -4. Suppose -3*x + 217 = -188. What is the highest common divisor of x and a?
15
Suppose -38*b = -47*b + 1485. Calculate the greatest common factor of b and 15.
15
Suppose -3*w - 103 + 300 = -5*z, 3*z = -2*w + 125. Suppose -256 = -3*t - w. What is the greatest common divisor of t and 96?
32
Suppose -6*y + 120 = 5*n - 8*y, 2*n + 4*y = 48. Calculate the highest common divisor of n and 168.
24
Let j(m) = -m + 61. Let q(o) = -31. Let x(r) = -3*j(r) - 5*q(r). Let n(t) = 2*t - 2. Let h be n(7). Let s be x(h). What is the highest common factor of 1 and s?
1
Suppose -9*i - 19 = -127. What is the greatest common divisor of 138 and i?
6
Suppose 0 = 4*o + 4*o - 168. Calculate the greatest common factor of 609 and o.
21
Let k = 823 - 821. Let q = -6 + 8. What is the highest common factor of q and k?
2
Let o(m) = m**2 + 16*m + 32. Let v be o(-14). Suppose 74 = v*x + 34. Calculate the highest common factor of 110 and x.
10
Suppose 0 = -3*u + 5 + 10. Suppose -p = 2*d - u, -3*p + d - 3 + 11 = 0. Suppose p*y - 106 = -16. What is the highest common factor of y and 3?
3
Suppose -4*t = -4*d - 2*t + 22, d = t + 6. Let y be (-183)/(-488) - (298/(-16) + -1). What is the highest common divisor of d and y?
5
Suppose -30*q - s = -29*q - 8, 13 = 5*q - 4*s. Calculate the greatest common factor of q and 85.
5
Suppose -k - 6 = -2, -59 = 3*u - 4*k. Let c = u + 35. What is the greatest common factor of 30 and c?
10
Suppose -15*p - 94 = -3*n - 19*p, -4 = -4*p. What is the highest common divisor of 25 and n?
5
Suppose 69 = -17*q + 239. Let h = 39 + -19. What is the highest common factor of q and h?
10
Let h(c) = -51*c + 4. Let p be h(2). Let i = 17 - -4. Let q be (-7)/i - p/6. Calculate the greatest common divisor of q and 2.
2
Let f = -3 - -6. Suppose 0 = f*a - 8 - 10. Let k be 48/12 + (-1 - -9). What is the highest common factor of k and a?
6
Suppose 5*a + 4*l - 735 = 0, 0 = 2*a + 3*l + 15 - 309. What is the greatest common divisor of a and 231?
21
Let j(q) = 3*q - 12. Let v = -68 - -101. Let o = v - 21. Let a be j(o). What is the greatest common divisor of a and 3?
3
Let t be 185/(32/4 + -7). Calculate the greatest common factor of 111 and t.
37
Let f = -44 - -47. Suppose -f*o = -10 - 11. What is the greatest common divisor of 7 and o?
7
Let v(k) = k**2 - 12*k + 7. Let b be v(11). Let z be -52*6*b/16. What is the highest common factor of 52 and z?
26
Let u = -359 + 444. Calculate the greatest common divisor of u and 765.
85
Let a(w) = w**3 - w**2 - 2. Let x be a(2). Suppose -4*d + 10 = -139*o + 140*o, -o - 14 = -4*d. Calculate the highest common divisor of x and d.
1
Let c = 39313 + -39301. Suppose -3*i - 62 + 437 = 0. Suppose 4*p = -4*b + 396, 4*p + 17 = -b + i. Calculate the greatest common factor of b and c.
12
Suppose 4*f + 2*g + 3 - 247 = 0, -4*f = -2*g - 236. Let k = f - 41. Suppose 0*j - k = -j. Calculate the greatest common divisor of j and 19.
19
Let q be (0 + -5 - -2) + 3 + 2. Suppose 2*u = q + 2. What is the highest common factor of u and 8?
2
Suppose 0 = 16*k - 1996 - 1364. What is the highest common divisor of k and 45?
15
Suppose 5*a + 14 = 29. Let o be (2 - -7) + -6 + 2. Calculate the highest common divisor of a and o.
1
Let v(w) = -w - 5. Let u be v(-8). Suppose 0 = 3*a + 3*z - z - 258, 4*z - 264 = -u*a. Calculate the greatest common factor of 12 and a.
12
Let b be 16/40 + 23/5. What is the greatest common divisor of b and 80?
5
Let p(l) = -l**3 - 2*l**2 + 6*l + 11. Let w be p(-3). Calculate the greatest common divisor of w and 1.
1
Let o = -539 - -615. Suppose -4*b - 1 = 3. Let z = o - b. What is the greatest common factor of z and 11?
11
Let x = 25 + -5. Calculate the greatest common factor of 12 and x.
4
Suppose 34 = -5*v - t, -3*v - 15 + 5 = -2*t. Let o(z) = z**2 - 15*z. Let q be o(8). Let l be q/v - 3/9. Calculate the highest common factor of l and 63.
9
Suppose -3*h + 3 = 0, 0*j = -3*j + 5*h - 1145. Let d be j/(-7) + 18/(-63). Calculate the greatest common factor of d and 18.
18
Let m be -4*(-6 + 5 + -1). Suppose m*g - 13*g = -60. Suppose -4*s + 57 = -5*c, -3*s - 4*c + c = -63. Calculate the highest common divisor of s and g.
6
Let u be -44*2*5/8. Let d = 18 + u. Let q = -15 - d. What is the greatest common divisor of 33 and q?
11
Let z be (117/52)/(6*(-1)/(-56)). Suppose -18 + 79 = 5*k + 3*n, -2*n = 6. What is the highest common factor of k and z?
7
Suppose 5*l + 4*k - 1971 = 0, -5*k + 1466 = 3*l + 273. What is the highest common factor of l and 23?
23
Let x be 2/1 + 136/1 + -3. Suppose 2*l + 10 = -3*l. Let z(g) = -8*g**3 - 2*g**2 + g. Let h be z(l). What is the greatest common divisor of h and x?
27
Let t = 77 + 19. Suppose 3 = 20*v - 19*v. Suppose 2*y = 4*u + 12, u = -2*y - v*u + 36. What is the greatest common divisor of y and t?
12
Let m(d) = 5*d**3 + d. Let c = 45 - 44. Let w be m(c). Suppose -4*u - 20 = -9*u. What is the highest common factor of u and w?
2
Suppose -2871 = -2*k + 5*a, 4*k - 153*a + 151*a = 5718. What is the highest common divisor of 12 and k?
12
Suppose 0 = -y + 5*y - 220. Suppose -2*h = -8 + 38. Let f = 20 + h. Calculate the highest common divisor of f and y.
5
Suppose 4 = -f + 13. Suppose 2*b - 2*d = 54, b - f - 8 = 3*d. Calculate the greatest common factor of 48 and b.
16
Suppose -3*g = -2*g + 16. Let x = 24 + g. What is the highest common divisor of 24 and x?
8
Let q = -89 - -192. Let k = q + -93. Calculate the highest common factor of k and 6.
2
Let v(x) = x**3 - 14*x - 8. Let d be v(-3). Calculate the greatest common divisor of d and 112.
7
Let a = -49 - -52. Suppose 0 = a*t - 46 + 4. Calculate the highest common divisor of 35 and t.
7
Let r = 40 - 54. Let y be r/(-21) - (-166)/3. Calculate the highest common divisor of 7 and y.
7
Let p(f) = 4*f - 12. Let y be p(7). Calculate the highest common factor of 208 and y.
16
Suppose 4*f - 18 = 4*v + 6*f, -3*f - 22 = 5*v. Let r = 30 + v. Let z = 33 - r. What is the highest common divisor of 20 and z?
4
Suppose 2*s + 2*i = -3*i + 27, s = -3*i + 14. Let b(h) = h**3 - 14*h**2 - 7*h - 32. Let v be b(15). Calculate the greatest common factor of s and v.
11
Let x = -186 + 192. Calculate the greatest common factor of x and 1020.
6
Suppose -8*t + 171 = t. Suppose 3*a - 209 - 309 = h, -10 = 2*h. Calculate the highest common divisor of a and t.
19
Suppose -3*n - 1 + 22 = 0. Suppose 6*d - 2*d - 5*y - 40 = 0, -2*d - 2*y = -20. Let h = d - n. Calculate the highest common factor of 1 and h.
1
Suppose -5*d = 2*o - 555, -2*d - 291 = -25*o + 24*o. What is the greatest common factor of o and 15?
15
Suppose -51 - 3 = -6*t. Let l be 1/2 - t/2. Let h be 1/(-4) - 137/l. What is the highest common divisor of h and 51?
17
Suppose 3*j + c + 1 = 5*c, -j + c - 1 = 0. Suppose 6*h + 6*h - 2160 = 0. Let f be (h/16)/j*-4. Calculate the greatest common factor of f and 135.
15
Let q(r) = -4*r**2 + 214*r - 66. Let d be q(53). Let x be -2 - (-2 - -1 - -2). Let m = x - -8. What is the highest common divisor of d and m?
5
Let l(r) = 3*r**2 - 6*r + 10. Suppose 2*z + j - 11 = -0*j, -27 = -3*z - 5*j. Let u be l(z). What is the greatest common factor of 374 and u?
34
Let u = 743 + -518. Calculate the highest common divisor of u and 18.
9
Let b = -1385 - -1448. What is the highest common divisor of 180 and b?
9
Suppose -984 = 18*o - 22*o. Calculate the greatest common factor of 6 and o.
6
Let j be 10/6 + (-9 - 740/(-6)). What is the greatest common factor of 4 and j?
4
Let u = 110 + 10. Let g be 7/(35/u) - 4. What is the highest common divisor of 140 and g?
20
Suppose 0 = 4*w + 391 - 631. Let q be -1 - -2 - -1 - -18. What is the highest common divisor of q and w?
20
Let u(s) = -s**3 - 15*s**2 - 38*s - 37. Let i be u(-13). Calculate the highest common factor of i and 112.
7
Suppose 0 = 73*c - 18324 - 8540. Calculate the greatest common factor of 32 and c.
16
Suppose -42 = -w + 8*o, 13*o = 15*o + 10. What is the highest common factor of 8 and w?
2
S